se 7.
-1233
-3332 (base 7) to base 6
-5315
What is 749 (base 13) in base 5?
14434
-140101 (base 5) to base 2
-1011000010011
-414 (base 9) to base 11
-287
What is 4210 (base 6) in base 14?
4b4
Convert 22 (base 11) to base 15.
19
Convert 54235 (base 6) to base 10.
7439
Convert 647c (base 16) to base 8.
62174
406 (base 11) to base 10
490
Convert 336 (base 15) to base 3.
222220
311221 (base 4) to base 3
11201011
What is 24b (base 12) in base 10?
347
Convert -535 (base 9) to base 4.
-12311
217 (base 10) to base 9
261
What is 1151 (base 9) in base 15?
3c1
1031 (base 6) to base 15
10a
-369 (base 10) to base 12
-269
What is -2164 (base 9) in base 10?
-1597
-e6e (base 15) to base 16
-cb6
Convert -9b26 (base 13) to base 2.
-101010010100000
What is -1356 (base 11) in base 4?
-123123
Convert -368 (base 15) to base 9.
-1048
What is 15b1 (base 13) in base 11?
2437
26b (base 13) to base 2
110101011
What is -4431 (base 6) in base 14?
-535
Convert 2646 (base 8) to base 12.
a06
Convert -1002112002 (base 3) to base 7.
-116513
What is -4721 (base 9) in base 16?
-dae
Convert 110101000 (base 3) to base 7.
35202
Convert -7255 (base 8) to base 5.
-110012
What is 1577 (base 8) in base 10?
895
Convert -35f (base 16) to base 10.
-863
What is -5a0 (base 13) in base 5?
-12400
Convert -29406 (base 10) to base 15.
-8aa6
1546 (base 13) to base 4
300130
-396 (base 12) to base 16
-222
What is -2d9a (base 14) in base 11?
-615a
Convert -3422344 (base 5) to base 8.
-167056
What is 11032 (base 7) in base 14?
1019
What is -11110101010011 (base 2) in base 8?
-36523
Convert 15731 (base 9) to base 4.
2220301
What is 1753 (base 11) in base 4?
202330
What is -414 (base 7) in base 6?
-543
What is -4585 (base 12) in base 16?
-1e35
-442232 (base 5) to base 13
-6c83
What is -22124 (base 11) in base 6?
-404323
-11110210 (base 3) to base 12
-1a79
Convert bb (base 15) to base 14.
c8
-c20 (base 13) to base 3
-2211002
Convert 2262 (base 13) to base 8.
11314
What is -3242 (base 5) in base 14?
-23d
Convert -1010000101000111 (base 2) to base 15.
-c377
What is -1372 (base 10) in base 11?
-1038
What is 14631 (base 9) in base 2?
10011100000111
Convert -5544 (base 11) to base 8.
-16214
Convert 12010 (base 3) to base 16.
8a
201122 (base 3) to base 16
212
Convert 51006 (base 7) to base 14.
4706
-2311 (base 6) to base 9
-667
What is -3452 (base 11) in base 15?
-1524
10010000110100 (base 2) to base 15
2b2d
-623 (base 9) to base 6
-2203
Convert -2122 (base 6) to base 12.
-342
-11300010 (base 4) to base 11
-16775
Convert 124 (base 15) to base 6.
1111
Convert -251304 (base 6) to base 7.
-122122
203 (base 6) to base 13
5a
-3321321 (base 4) to base 11
-1101a
Convert 640 (base 10) to base 5.
10030
What is 946 (base 12) in base 9?
1760
-25362 (base 7) to base 6
-51020
What is 10101111011111 (base 2) in base 11?
8490
Convert -457 (base 8) to base 5.
-2203
What is -3a2 (base 11) in base 2?
-111011011
9807 (base 11) to base 8
31232
What is 501 (base 7) in base 13?
15c
Convert 2b91 (base 15) to base 9.
13751
-3560 (base 11) to base 5
-122124
What is -3882 (base 13) in base 6?
-101133
383 (base 10) to base 5
3013
What is -54251 (base 7) in base 13?
-61c4
What is 121 (base 14) in base 6?
1013
Convert 297 (base 13) to base 5.
3322
-1132 (base 11) to base 2
-10111001111
Convert -222210 (base 4) to base 12.
-16b0
-1001111000001110 (base 2) to base 8
-117016
-2014 (base 8) to base 11
-862
What is -4b (base 16) in base 15?
-50
What is 2305 (base 6) in base 13?
32c
Convert 102110201 (base 3) to base 14.
3094
-10001100 (base 2) to base 15
-95
Convert -1a2 (base 15) to base 14.
-1cd
Convert -5189 (base 10) to base 12.
-3005
-1533 (base 7) to base 4
-21210
-202012 (base 3) to base 9
-665
Convert 1123 (base 7) to base 2.
110011001
What is -30344 (base 5) in base 14?
-a10
Convert -1a6 (base 16) to base 4.
-12212
4058 (base 9) to base 6
21425
Convert 200 (base 16) to base 14.
288
Convert -250234 (base 6) to base 11.
-15695
-32401 (base 7) to base 8
-17626
-7c9 (base 13) to base 9
-1757
Convert a62 (base 12) to base 10.
1514
What is 1011000010010 (base 2) in base 11?
4277
Convert 5015 (base 8) to base 16.
a0d
-5b14 (base 13) to base 10
-12861
Convert -547 (base 12) to base 13.
-478
713 (base 10) to base 7
2036
Convert -177 (base 14) to base 13.
-1a2
What is 33a (base 12) in base 2?
111011110
Convert -125122 (base 6) to base 14.
-4294
-32335 (base 6) to base 12
-26ab
Convert -1300201 (base 4) to base 16.
-1c21
Convert 3023 (base 4) to base 5.
1303
What is 1222 (base 4) in base 16?
6a
6100 (base 11) to base 7
32431
-186b (base 13) to base 8
-7066
Convert 144103 (base 6) to base 8.
33047
Convert 131221 (base 4) to base 8.
3551
-110324 (base 6) to base 3
-110121121
What is -1146 (base 7) in base 6?
-1550
10182 (base 15) to base 13
1a27c
What is 1011 (base 7) in base 10?
351
Convert -b44 (base 14) to base 9.
-3032
What is 1a06 (base 13) in base 8?
7465
-102032 (base 4) to base 7
-3254
Convert -421 (base 7) to base 15.
-e1
What is 356 (base 14) in base 15?
2e4
What is 42421 (base 5) in base 14?
1085
52606 (base 8) to base 13
9c72
Convert -20021212 (base 3) to base 13.
-211a
Convert 30521 (base 6) to base 8.
7761
What is 52203 (base 6) in base 2?
1101101001011
-1750 (base 9) to base 7
-3624
What is 1293 (base 11) in base 13?
9bb
-351 (base 16) to base 12
-5a9
Convert -421 (base 9) to base 13.
-205
What is -146e (base 16) in base 11?
-3a25
Convert 1010100001101 (base 2) to base 7.
21466
What is 16a (base 15) in base 9?
401
What is -2100 (base 3) in base 4?
-333
2c39 (base 14) to base 12
4697
What is 11000000001001 (base 2) in base 10?
12297
What is 10807 (base 11) in base 14?
5996
Convert 134f (base 16) to base 14.
1b31
Convert -979 (base 11) to base 7.
-3266
Convert 2448 (base 9) to base 2.
11100100010
What is -1001110111010 (base 2) in base 5?
-130200
10202 (base 4) to base 6
1202
Convert 92e (base 15) to base 16.
815
Convert -662 (base 14) to base 10.
-1262
Convert 42c (base 15) to base 12.
666
42150 (base 10) to base 3
2010211010
What is -2100220 (base 3) in base 15?
-7a0
10334 (base 6) to base 13
859
What is -3014 (base 10) in base 16?
-bc6
-1169 (base 15) to base 12
-2183
-4a8 (base 15) to base 11
-882
Convert 22578 (base 9) to base 15.
46db
-7223 (base 10) to base 15
-2218
What is 2b559 (base 12) in base 3?
10010001020
What is -332121 (base 4) in base 5?
-111433
What is -679a (base 16) in base 15?
-7cd2
37bc (base 15) to base 8
27145
Convert -58 (base 16) to base 9.
-107
Convert 39b (base 12) to base 13.
335
Convert 60506 (base 7) to base 5.
432112
What is 10a4 (base 12) in base 4?
130330
What is -11487 (base 12) in base 4?
-11221213
What is -84 (base 10) in base 11?
-77
Convert 121100200 (base 3) to base 2.
10111010010101
Convert 145 (base 13) to base 4.
3202
Convert 1011011000110100 (base 2) to base 7.
252663
11021 (base 4) to base 3
110012
What is 12a6 (base 11) in base 12?
b89
What is -249 (base 14) in base 12?
-321
Convert 1685 (base 10) to base 9.
2272
What is -24a (base 11) in base 9?
-358
What is -201 (base 13) in base 11?
-289
-110245 (base 6) to base 4
-2033111
What is -809 (base 10) in base 11?
-676
Convert -674 (base 9) to base 5.
-4203
-77e (base 15) to base 10
-1694
What is 18a (base 11) in base 13?
13b
Convert 13412 (base 6) to base 5.
31341
-5257 (base 8) to base 5
-41420
-122021012 (base 3) to base 5
-400322
Convert 1021224 (base 5) to base 13.
79c8
Convert 212101 (base 3) to base 2.
1001110111
Convert -123 (base 13) to base 4.
-3012
-194 (base 11) to base 6
-1012
Convert -784c (base 13) to base 4.
-10012123
-239 (base 12) to base 7
-654
What is 22021202 (base 3) in base 4?
1132121
Convert 22b (base 15) to base 10.
491
2031 (base 6) to base 13
289
What is -1013 (base 8) in base 16?
-20b
3756 (base 14) to base 7
40136
-23243 (base 7) to base 10
-5960
Convert -1000101010 (base 2) to base 12.
-3a2
-1115 (base 6) to base 15
-128
-1e71 (base 16) to base 2
-1111001110001
Convert -51151 (base 8) to base 11.
-1493a
-10304 (base 5) to base 13
-422
Convert 666 (base 11) to base 8.
1436
1262 (base 16) to base 12
2882
What is 18343 (base 10) in base 12?
a747
What is 46b (base 12) in base 2?
1010010011
What is -1001001001000 (base 2) in base 9?
-6370
-1043d (base 14) to base 3
-1222211220
-486 (base 15) to base 2
-100000000